 - 18) + 2.
2
What is -2 + (0 - (-2 + 2))?
-2
12 - 1 - (4 + 3)
4
Calculate 4 + -3 + -2 + -7 + 6.
-2
Calculate 0 + 2 + 6 + -112 + 97.
-7
18 + -13 + -5 + -2
-2
Calculate -4 - -1 - (8 + -16 - -7).
-2
What is the value of (-19 - -6) + 1 + (5 - 1)?
-8
Calculate 5 - (3 + -5 + 5).
2
What is the value of (-3 - 1) + (-8 - -5) - -3?
-4
What is the value of (-2 + 7 - (4 + -4)) + 0?
5
1 + 3 + -2 + (-3 - -1)
0
-6 + 0 + (10 - -3)
7
What is 14 + -21 + 12 + 1?
6
What is the value of (14 - 18) + (-1 - -6)?
1
What is 5 + (-10 + -1 - -1)?
-5
Evaluate (6 - (10 - -4)) + (-2 - -6).
-4
Evaluate 2 + -7 + 1 - -9.
5
What is the value of 7 - (-3 + 0 + 6 + -1)?
5
What is the value of -6 - (0 + -2 + -14 + 15)?
-5
What is 5 + -1 + (2 - 10)?
-4
-1 - -10 - (3 - -1)
5
Evaluate 1 + 6 + -1 + -11 + 2.
-3
Evaluate 3 - (1 + 2) - (8 - 7).
-1
What is the value of (-2 - -1) + 2 + 5 + -2?
4
-8 + 2 + 3 + 0
-3
-7 + -1 + 0 + -2 + 5
-5
Calculate 5 + (5 - 1 - 0).
9
Evaluate 12 - (-6 + 11 + 8).
-1
-6 - (0 - 6) - (0 + 2)
-2
(3 - 4) + (-3 - -4)
0
Evaluate (-6 - (0 - 2)) + 2.
-2
-19 - -20 - (6 + -6)
1
22 - 28 - (0 - -2)
-8
Evaluate 5 + (-3 - 0) - -4 - 1.
5
Calculate (-4 - -18) + -2 + -9.
3
What is -19 - (-30 + 8 + 10)?
-7
Calculate -1 + 9 + -11 + 1.
-2
What is the value of 10 + -4 + -3 + -1?
2
What is the value of 18 - 12 - 8 - (-1 + -2)?
1
What is the value of 0 - (-4 - (-2 + -5))?
-3
What is 1 + -7 + 0 + (-1 - -4)?
-3
What is -2 + 1 + (-1 - 2)?
-4
Calculate -1 - ((4 - 6) + -3).
4
-32 + 36 - (-1 + -2)
7
What is the value of 2 + -10 - 0 - -7?
-1
Evaluate -6 - -5 - 5 - (1 - 14).
7
Evaluate 10 + -18 - (-5 - -3).
-6
What is 0 - (4 - 6 - 1) - 1?
2
Calculate 5 - (4 - (6 - 7)).
0
What is the value of (11 - 6 - 6) + (2 - 2)?
-1
What is the value of -6 - (-7 - -9) - -12?
4
What is 10 + -14 - (-11 - (-1 + 0))?
6
What is -13 - -19 - (-1 + (4 - 0))?
3
What is 10 + -5 + -5 + 1?
1
What is 0 - (-2 + 4) - -3?
1
Evaluate -2 - 1 - (-4 + 3).
-2
Calculate -1 + (-1 - (4 + -5 - -1)).
-2
4 + -6 + (0 + 1 - -5)
4
What is the value of -1 + -2 + 1 + 1 - 1?
-2
What is 3 + 0 + (3 - 5)?
1
What is (-3 - (-2 + 1)) + (10 - 10)?
-2
Calculate -10 + 13 + (-5 - (-14 - -4)).
8
12 + -16 + -4 + (3 - 2)
-7
Evaluate (-76 + 70 - (-1 - -1)) + 16.
10
2 - 11 - (3 + (-4 - 3))
-5
-1 + 6 + -8 + (-1 - -5)
1
Evaluate 1 + -1 + 0 + 2 - -1.
3
What is the value of 19 + -18 - (1 - -3)?
-3
4 - (3 + (0 - 3))
4
Evaluate (-7 - (0 + -3)) + 0 + 2.
-2
Evaluate (2 - 0) + 38 + -44.
-4
What is the value of -14 + 1 + (-1 - (4 + -7))?
-11
What is -4 - (-6 + (6 - 4))?
0
What is -3 + 6 + -2 + (0 - 4)?
-3
What is the value of -220 - -222 - (0 - 5)?
7
Evaluate -10 + (-11 - -4 - -14).
-3
Evaluate 5 - ((0 - -11) + -3).
-3
What is -5 - (-5 + -2 - 1)?
3
What is (-2 - -3) + (2 - (1 + 3))?
-1
Calculate 1 + (3 + -3 + 0 - 0).
1
What is the value of 0 + -2 + 1 - (15 + -20)?
4
Evaluate 6 - (-6 + -13 + 30).
-5
Calculate (-1 - 0) + 3 + (-8 - -3).
-3
Evaluate 0 + (7 + -4 - 7).
-4
-7 - ((-2 - -3) + -1 - 4)
-3
Calculate 9 + (-12 - (-14 + 7)).
4
(18 - (5 - -1)) + -9
3
(-5 - -3) + -2 + 8 + 0
4
Calculate (5 - (-3 + 3 + 10)) + 5.
0
What is the value of -3 + (-7 + 2 - -8) - -3?
3
What is -2 + 9 - (1 + 5)?
1
Calculate 2 - (6 - (-6 + 9)).
-1
(-5 - (6 + -11)) + 2
2
What is -6 + (11 - 0) + -6?
-1
What is the value of -2 + 0 + 0 + -2?
-4
Calculate -2 + -1 + -4 + 6 - -3.
2
What is the value of -4 - (-11 + 4 + 3 + 1)?
-1
1 + (-2 - -2 - 0)
1
-1 + 1 + (3 - -9 - 8)
4
Evaluate 2 - 0 - (35 + -28) - 1.
-6
What is -3 - -7 - (1 - (-3 + -1))?
-1
What is 9 + -2 + (-3 - 1)?
3
What is (1 - 9 - (15 + -16)) + 4?
-3
Evaluate 2 + 1 + (0 - 1).
2
3 - (2 + -1 - (30 + -36))
-4
Calculate (-1 - -1) + 5 + (58 - 65).
-2
What is the value of 7 + 1 - (12 - 7)?
3
What is (4 + -12 - 5) + 14?
1
Calculate 5 - 2 - (-5 - -6) - 0.
2
What is -7 - (1 + -11 + (-18 - -16))?
5
Calculate (-6 - -6) + 9 + -5 + -1.
3
Evaluate 0 + -1 + -4 - (-10 - -2).
3
Evaluate (4 - 8) + -1 + 12.
7
Evaluate 3 + -1 + (-1 - 1) - 3.
-3
What is the value of 1 + (-9 - -3 - -4)?
-1
What is the value of -4 + (-8 + 11 - 15 - -5)?
-11
4 + -2 + 0 + 0
2
What is the value of 3 + (-4 - 0 - -5 - 2)?
2
What is the value of -2 - (-5 - (-3 - 0))?
0
What is (36 - 33) + -7 + (-3 - -2)?
-5
Calculate (13 - (2 + 6)) + -4.
1
What is -2 - (-4 + 1) - (-4 - -7)?
-2
-10 + 10 + 1 + -6
-5
What is (0 + 11 - 7) + -6?
-2
Evaluate 7 - (-3 + -3 + 5 + 17).
-9
What is (0 + -2 - -2) + 1?
1
(-88 - -89) + (-1 - 0 - 1)
-1
What is the value of (0 - (7 + (-18 - -7))) + 6?
10
What is 0 + (-4 - 8) + 8?
-4
Calculate 31 - 31 - (7 - -2).
-9
Calculate (10 - 14) + 7 + -4.
-1
Calculate (-1 + -5 - -13) + -5 + -6.
-4
4 + (2 - (9 - 3 - 5))
5
Evaluate 2 + 11 + -14 + (6 - 2).
3
Calculate -1 + (-2 - 0) - (-2 + -2).
1
Evaluate (3 - 6) + 5 + 0 + 2.
4
What is -4 + 4 - (6 - 4)?
-2
What is (-2 - -3) + 1 + 0 - -1?
3
Calculate 0 + -4 + -5 + 12 + -3.
0
What is the value of 1 - 13 - (2 - 3)?
-11
3 + (-1 + -3 - -1)
0
What is the value of -4 - ((0 - 2) + 10 + -6)?
-6
What is -8 + (-3 - -7) + 8?
4
Calculate (0 - (3 - 4)) + -7 + 1.
-5
What is -2 + (6 - 2) + (-27 - -21)?
-4
What is the value of 4 - (7 - (5 + -1))?
1
What is 13 - (-8 + 12 + 3)?
6
What is the value of 3 + 2 + -2 + -5 + 6?
4
What is the value of -7 + 0 + (-2 - -4)?
-5
What is the value of 4 + (-14 + 7 - -4)?
1
What is 1 + (-3 + 0 - 3) - 0?
-5
Calculate (1 - 5) + (4 + 1 - 5).
-4
What is 4 + -3 - (2 - -1)?
-2
Evaluate -21 - (0 + 0 + -13).
-8
Calculate -3 + 5 + -6 + 5.
1
5 + (2 - 4) - (-4 - -1)
6
What is 0 + -12 - (-10 + 6)?
-8
What is the value of -12 + 5 - -8 - (-1 - -2)?
0
Calculate 7 + -4 + 6 + -6.
3
Calculate -2 + -2 + (-1 - -1) + 3.
-1
What is the value of (2 - 1 - 2) + (3 - 3)?
-1
Evaluate 7 + (1 - 2) + 1 + -4.
3
Evaluate (11 - 0) + (10 - 26 - -11).
6
What is the value of 0 + 1 + (9 - -8 - 23)?
-5
6 - (0 - (-3 + -1))
2
What is the value of -1 + 5 + -3 + -3 + 0?
-2
Evaluate (1 - (1 + -4 - 1)) + 0.
5
Evaluate -1 + (-6 - -6 - 2).
-3
Evaluate 7 - 14 - (-3 - 2).
-2
-10 - (9 + -3 - 12)
-4
Evaluate (11 - 2) + (0 - 7) + -1.
1
What is 1 + -4 + 5 - -2?
4
Calculate 1 + 1 + -3 + -2.
-3
What is -3 + 6 + -2 - -1?
2
What is 6 - (-1 + 5) - 3?
-1
Calculate -16 - (-5 + (-5 + 7 - 5)).
-8
What is the value of -8 - -6 - -3 - -5?
6
What is the value of 2 + -6 - (-29 + 26)?
-1
Calculate -7 + 11 + (-1 + -1 - 6).
-4
What is 13 + -9 - ((1 - 3) + 2)?
4
Evaluate -5 + -6 + (10 - 1).
-2
What is 14 + -12 + 2 + -6?
-2
-6 + (10 - 6) + 0 + -1
-3
What is -6 - ((-11 - -10) + -6)?
1
What is the value of 5 - (-4 - (-3 - 3))?
3
Evaluate 18 + -22 - (0 - 7).
3
What is the value of 0 - (-2 - -3) - (-8 - -6)?
1
What is -5 - (-7 + 6 + -7)?
3
Evaluate 9 + (-8 - (3 + 2)).
-4
8 + -12 + 7 + -2
1
(-2 - -3) + (0 + 4 - 5)
0
What is the value of -4 + (2 - 2) - -3?
-1
6 - (-1 + 6 + -2 - 0)
3
4 + -7 + (2 - 5) + 10
4
Calculate -3 + 1 + (1 - -5) + -3.
1
What is the value of (2 - (5 - 1)) + -1 + 5?
2
Evaluate (1 - 6) + (-11 - -19 - 6).
-3
What is 2 - 1 - (1 - 3)?
3
Evaluate 4 + -8 + (4 - 0).
0
What is (1 - 6) + -19 + 17 + 4?
-3
Evaluate (6 - (0 - -4)) + 2.
4
Calculate 1 + 4 - (9 - 8).
4
Calculate 1 - (-3 - (3 - 2)).
5
Evaluate -3 + 7 + (0 - (1 + 3)).
0
-7 + -3 - -9 - 3
-4
What is the value of 17 + -5 + -17 + 11 + 4?
10
What is the value of 4 + -4 + (2 - 3) + 3?
2
Evaluate -7 + (5 - (-4 + 0) - 4).
-2
Evaluate -4 + (3 - 0 - 1) - -4.
2
-1 - (1 + -3 - 0) - 4
-3
5 - (6 - 1 - 0)
0
Calculate 9 - (-3 - (-8 - 11)).
-7
-2 - -5 - (-5 + 3 - -6)
-1
5 + 2 + -5 + -1 + -2
-1
What is the value of 4 + -15 - -14 - 7?
-4
What is the value of -7 - ((7 - 16) + 4)?
-2
Calculate 2 + -1 - (-3 + 5).
-1
What is 0 + -10 - (-89 - -72)?
7
-3 + 10 + (-5 - 0)
2
What is -1 - (-7 + 2 - (-1 + -11))?
-8
Calculate -3 - 2 - -8 - 10 - 0.
-7
-8 + 6 + (-4 - (4 - 5))
-5
Calculate (-11 - -9) + (3 - 5).
-4
Calculate -4 + 0 - (-6 - -5).
-3
What is the value of 1 + (5 + -1 - 9)?
-4
What is the value of 1 + 10 + 0 + -10?
1
Evaluate 2 + -1 + -7 - -7.
1
Evaluate 6 + (-1 - 2 - -6) + -3.
6
What is the value of -11 - -2 - (1 - 2 - 4)?
-4
Evaluate 6 + 0 + (-5 - -1).
2
Calculate 3 - (2 + (2 - 2) + -4).
5
What is the value of 11 - 8 - ((1 - -7) + -2)?
-3
What is the value of (1 - 3) + 1 + (-8 - -7)?
-2
Evaluate (-8 + 2 - -5) + -6.
-7
Calculate -10 - (-12 - (-7 - -4)).
-1
What is the value of -2 + (3 - 1) + 5 + -1?
4
What is the value of 5 + (-2 + -3 - 